 units digit of 5730?
0
What is the thousands digit of 3818?
3
What is the thousands digit of 1049?
1
What is the hundreds digit of 20774?
7
What is the tens digit of 3787?
8
What is the hundreds digit of 3817?
8
What is the hundreds digit of 9572?
5
What is the units digit of 24729?
9
What is the units digit of 197?
7
What is the ten thousands digit of 16021?
1
What is the thousands digit of 1791?
1
What is the thousands digit of 3434?
3
What is the thousands digit of 1416?
1
What is the ten thousands digit of 62860?
6
What is the hundreds digit of 3642?
6
What is the units digit of 2416?
6
What is the hundreds digit of 806?
8
What is the tens digit of 137660?
6
What is the units digit of 69357?
7
What is the hundreds digit of 317?
3
What is the thousands digit of 11816?
1
What is the thousands digit of 129060?
9
What is the hundreds digit of 12182?
1
What is the thousands digit of 123900?
3
What is the tens digit of 8355?
5
What is the units digit of 6087?
7
What is the tens digit of 20704?
0
What is the thousands digit of 1001?
1
What is the ten thousands digit of 112647?
1
What is the tens digit of 30240?
4
What is the thousands digit of 27340?
7
What is the tens digit of 42516?
1
What is the hundreds digit of 22140?
1
What is the tens digit of 33571?
7
What is the units digit of 30535?
5
What is the hundreds digit of 149877?
8
What is the tens digit of 1295?
9
What is the units digit of 3382?
2
What is the tens digit of 6564?
6
What is the thousands digit of 6036?
6
What is the hundreds digit of 10124?
1
What is the tens digit of 5502?
0
What is the thousands digit of 9373?
9
What is the tens digit of 6908?
0
What is the tens digit of 5578?
7
What is the units digit of 4411?
1
What is the hundreds digit of 60455?
4
What is the tens digit of 3708?
0
What is the tens digit of 2114?
1
What is the thousands digit of 53357?
3
What is the thousands digit of 11604?
1
What is the tens digit of 319?
1
What is the units digit of 752?
2
What is the units digit of 49758?
8
What is the thousands digit of 19876?
9
What is the tens digit of 83609?
0
What is the ten thousands digit of 14089?
1
What is the units digit of 7965?
5
What is the hundreds digit of 2070?
0
What is the thousands digit of 6182?
6
What is the thousands digit of 2805?
2
What is the thousands digit of 2915?
2
What is the units digit of 13621?
1
What is the tens digit of 10987?
8
What is the tens digit of 161768?
6
What is the ten thousands digit of 18469?
1
What is the thousands digit of 2775?
2
What is the tens digit of 8021?
2
What is the tens digit of 4918?
1
What is the hundreds digit of 60180?
1
What is the hundreds digit of 917?
9
What is the units digit of 90096?
6
What is the hundreds digit of 1720?
7
What is the tens digit of 35566?
6
What is the units digit of 14841?
1
What is the hundreds digit of 409?
4
What is the units digit of 827?
7
What is the units digit of 23083?
3
What is the tens digit of 2463?
6
What is the units digit of 406?
6
What is the hundreds digit of 16226?
2
What is the hundreds digit of 1294?
2
What is the tens digit of 185572?
7
What is the units digit of 1143?
3
What is the tens digit of 116?
1
What is the thousands digit of 1807?
1
What is the units digit of 15597?
7
What is the thousands digit of 1808?
1
What is the units digit of 4520?
0
What is the tens digit of 754?
5
What is the thousands digit of 2539?
2
What is the units digit of 364?
4
What is the units digit of 1912?
2
What is the hundreds digit of 1531?
5
What is the ten thousands digit of 54366?
5
What is the units digit of 24150?
0
What is the hundreds digit of 1923?
9
What is the hundreds digit of 1784?
7
What is the hundreds digit of 1148?
1
What is the tens digit of 9978?
7
What is the tens digit of 3662?
6
What is the hundreds digit of 38136?
1
What is the thousands digit of 9890?
9
What is the tens digit of 4194?
9
What is the tens digit of 102?
0
What is the units digit of 57?
7
What is the hundreds digit of 159746?
7
What is the thousands digit of 48152?
8
What is the units digit of 1991?
1
What is the hundreds digit of 6678?
6
What is the thousands digit of 1208?
1
What is the hundreds digit of 8245?
2
What is the thousands digit of 11432?
1
What is the units digit of 1491?
1
What is the units digit of 81439?
9
What is the units digit of 2453?
3
What is the thousands digit of 25293?
5
What is the units digit of 907?
7
What is the thousands digit of 1231?
1
What is the tens digit of 904?
0
What is the units digit of 27340?
0
What is the tens digit of 67157?
5
What is the tens digit of 2038?
3
What is the tens digit of 12950?
5
What is the hundreds digit of 408?
4
What is the units digit of 4539?
9
What is the thousands digit of 1132?
1
What is the hundreds digit of 1431?
4
What is the units digit of 1609?
9
What is the thousands digit of 1306?
1
What is the ten thousands digit of 50806?
5
What is the hundreds digit of 4376?
3
What is the thousands digit of 12883?
2
What is the tens digit of 47153?
5
What is the units digit of 2015?
5
What is the hundreds digit of 3169?
1
What is the hundreds digit of 47223?
2
What is the hundreds digit of 697?
6
What is the units digit of 4279?
9
What is the tens digit of 2932?
3
What is the thousands digit of 1168?
1
What is the units digit of 56325?
5
What is the tens digit of 748?
4
What is the hundreds digit of 25092?
0
What is the thousands digit of 1943?
1
What is the ten thousands digit of 13293?
1
What is the units digit of 13089?
9
What is the hundreds digit of 46858?
8
What is the hundreds digit of 2414?
4
What is the tens digit of 6227?
2
What is the hundreds digit of 97488?
4
What is the tens digit of 98895?
9
What is the thousands digit of 1520?
1
What is the hundreds digit of 5405?
4
What is the thousands digit of 4406?
4
What is the units digit of 4530?
0
What is the tens digit of 88?
8
What is the ten thousands digit of 20315?
2
What is the hundreds digit of 21754?
7
What is the tens digit of 915?
1
What is the thousands digit of 18337?
8
What is the units digit of 156245?
5
What is the thousands digit of 17435?
7
What is the hundreds digit of 2317?
3
What is the hundreds digit of 14361?
3
What is the thousands digit of 4561?
4
What is the ten thousands digit of 184532?
8
What is the ten thousands digit of 35620?
3
What is the tens digit of 4731?
3
What is the hundreds digit of 38130?
1
What is the hundreds digit of 5718?
7
What is the thousands digit of 119097?
9
What is the units digit of 5265?
5
What is the hundreds digit of 263?
2
What is the tens digit of 1460?
6
What is the hundreds digit of 7601?
6
What is the hundreds digit of 96947?
9
What is the hundred thousands digit of 122451?
1
What is the units digit of 20984?
4
What is the tens digit of 54660?
6
What is the tens digit of 7536?
3
What is the units digit of 1265?
5
What is the ten thousands digit of 13161?
1
What is the hundreds digit of 587?
5
What is the tens digit of 20923?
2
What is the tens digit of 808?
0
What is the hundreds digit of 96156?
1
What is the tens digit of 1192?
9
What is the units digit of 23086?
6
What is the units digit of 48657?
7
What is the hundreds digit of 1325?
3
What is the hundreds digit of 1698?
6
What is the ten thousands digit of 14652?
1
What is the tens digit of 629?
2
What is the tens digit of 1033?
3
What is the units digit of 65?
5
What is the ten thousands digit of 11233?
1
What is the units digit of 10571?
1
What is the tens digit of 1955?
5
What is the ten thousands digit of 97223?
9
What is the tens digit of 533?
3
What is the tens digit of 11966?
6
What is the tens digit of 621?
2
What is the hundreds digit of 2839?
8
What is the tens digit of 12727?
2
What is the thousands digit of 2131?
2
What is the hundreds digit of 53462?
4
What is the tens digit of 4748?
4
What is the units digit of 18450?
0
What is the hundreds digit of 8270?
2
What is the units digit of 15598?
8
What is the units digit of 188?
8
What is the thousands digit of 1323?
1
What is the tens digit of 84441?
4
What is the thousands digit of 20300?
0
What is the units digit of 120113?
3
What is the units digit of 24867?
7
What is the tens digit of 372?
7
What is the units digit of 859?
9
What is the units digit of 12597?
7
What is the hundreds digit of 165